i(-8) is divided by t?
11
Let a be (-24)/(-20)*115/2. Suppose -3*h - 2 = -k + 1, 4*h + 24 = 3*k. Calculate the remainder when a*(28/12 - 2) is divided by k.
11
Calculate the remainder when 318 + (-96)/12 + -12 is divided by 4.
2
Let m(u) = 15*u**2 - 5*u - 5. Calculate the remainder when 478 is divided by m(-1).
13
Suppose 4*a = 6*a - 10. Suppose 3 + 16 = a*f - 4*d, 2*f - 3*d = 9. Suppose -f*y + 151 = -98. What is the remainder when y is divided by 21?
20
Calculate the remainder when 2415/(-30)*(-4 - -2) is divided by 15.
11
Let y be 16/3 + (-6)/(-9). Let i be 21/y - 4/(-8). Suppose 6 = -2*a, -3*z - 1 + 58 = i*a. What is the remainder when 68 is divided by z?
22
Let p = -400 - -406. Calculate the remainder when 86 is divided by p.
2
Suppose 0 = n + 119 - 156. What is the remainder when 181 is divided by n?
33
Suppose -4*a + 791 = 4*m - 345, -2 = 2*m. What is the remainder when a is divided by 41?
39
Calculate the remainder when 260 is divided by (15/((-450)/336))/(6/(-15)).
8
Suppose r = -0*r. Suppose -5*y - 2*i + 22 + 12 = r, -y - i + 8 = 0. What is the remainder when y is divided by (-36)/30*1*(-15)/9?
0
Let y(z) = -5*z - 79. What is the remainder when y(-25) is divided by 28?
18
Let b(u) = -u**3 + 8*u**2 - 8*u + 3. Let k = 1393 - 1388. What is the remainder when b(5) is divided by k?
3
Let v(k) = 6 + 2 + 3*k - 12. Let f be v(6). Calculate the remainder when 1065/11 + f/77 is divided by 25.
22
Let x = -19 - -22. What is the remainder when (-105)/(-5) - (x + -1) is divided by -3 - (-5)/(5/14)?
8
Suppose -5*h + 39 = 2*o - 3*o, 4*h - 12 = -4*o. Calculate the remainder when 26 is divided by h.
5
Suppose 4*o = 57 + 15. Let i be (0/(-5 - -3))/(-2). Suppose -2*x + 104 + 36 = i. Calculate the remainder when x is divided by o.
16
Suppose -12*g = -328 + 232. What is the remainder when 206 is divided by g?
6
Suppose -c - c + 3*w + 15 = 0, -3*c = w - 6. Suppose 2*a - 14 = -3*r, 4*a - 11 = 4*r - c. Calculate the remainder when 7 is divided by a.
3
Suppose 2*y = -5*s + 733, 0*s - y = 3*s - 440. Let f = s + -129. Calculate the remainder when 53 is divided by f.
17
Let i = -227 - -378. What is the remainder when i is divided by 22?
19
What is the remainder when 237 is divided by 122 - (6 + (-2)/(-1)*-3)?
115
Let a(l) = -5*l**2 - 6*l - 27 + 4*l**2 - 14*l + l. Suppose -3*g - 2*g - 2*u = -133, 3*u = g - 30. What is the remainder when g is divided by a(-17)?
6
Let a = 242 - 150. Calculate the remainder when a is divided by 50.
42
Let r be 0/(1/(-1)) - -2. Let z = 9 - r. Calculate the remainder when (-1405)/(-45) + (-6)/27 - (-16 - -21) is divided by z.
5
Suppose 874 + 582 = 13*t. Suppose -o + 5*o - t = 0. What is the remainder when o is divided by 10?
8
Let f = 53 + -20. Let n be (4/(-4))/((-1)/2). Calculate the remainder when f is divided by n/5 - (-66)/10.
5
Let v = 290 - 172. Suppose 0 = -4*r + 422 - v. What is the remainder when r is divided by 27?
22
Suppose 0 = -217*b + 233*b - 576. Calculate the remainder when b is divided by 9.
0
Let f be (0 + 8/5)*10. Suppose -15*t - 33 = -3. Calculate the remainder when (15/t)/((-8)/f) is divided by 9.
6
Let i(q) = -7*q - 10. Let b be i(-2). Calculate the remainder when 1/b + (-519)/(-4) is divided by 44.
42
What is the remainder when 149 is divided by (-7 - 0)*70/(-49)?
9
Let k(t) = 22*t**2 + 20*t + 5. What is the remainder when k(-3) is divided by 18?
17
Let f be (-6)/21 + (-111)/(-21). Suppose 5*c + 3*i - 70 = 0, -f*c + 40 = -4*i + i. What is the remainder when 7/(2/(-24)*-2) is divided by c?
9
What is the remainder when ((-50)/(-8))/1*(-5 - -25) is divided by 32?
29
Suppose 2*t = 2*h - 222, -2*h - h + 298 = 4*t. Let u(c) = c**2 + c + 36. What is the remainder when h is divided by u(0)?
34
Let d = -101 - -105. Suppose 15 - 467 = -d*o. What is the remainder when o is divided by 33?
14
Suppose 0 = 5*f + t - 117, -t - 4 = -3*t. Calculate the remainder when ((-2)/6)/(4/(-780)) is divided by f.
19
Suppose 0*r = -2*r. Suppose 3*b = -4*x + 4, r*b + 20 = 4*x - b. Suppose 5*h = x*k - 28, 2*k + 4*h + 21 = 61. Calculate the remainder when 21 is divided by k.
9
Suppose -5*r + 2*l = -115, 17 = 2*r + 4*l - 29. Let f = -9 + r. Suppose 115 = 3*x - 5*y, -2*y + 2 = -0*y. What is the remainder when x is divided by f?
12
Let m = -29 + 30. Suppose -2*z - 48 = -2*b, -2*z - m = 3. Calculate the remainder when b is divided by 12.
10
Suppose -266 - 166 = -9*c. Let p = c + -39. What is the remainder when 59 is divided by p?
5
Suppose 0 = 3*p - 4*p + 23. Suppose -5*k = 5*u - 195, -6*u + 201 = -u + 3*k. What is the remainder when u is divided by p?
19
Let s be (-400)/(-140)*147/6. Let w be (-3)/(-1)*(-17)/3. Let j = w + s. Calculate the remainder when j is divided by 14.
11
Suppose -2*y + 56 = -9*y. Let d = 15 + y. What is the remainder when d is divided by 6?
1
Suppose 4*m + 2*f = 3*f + 58, 4*m = -2*f + 64. Calculate the remainder when (4756/348)/((-1)/(-3)) is divided by m.
11
Suppose 4 + 15 = y. Let s = 30 - y. Calculate the remainder when 42 is divided by s.
9
Suppose -3*j = -3*f + 525, -5*j - 10 = 15. What is the remainder when f is divided by 40?
10
Let w(p) be the first derivative of 12*p**3 - 3*p**2/2 - 3*p - 1. Let g be w(-3). Suppose -5*b + g = -0*b. Calculate the remainder when b is divided by 23.
20
Let u = -20 - -38. Suppose -3*h + i + 10 = 0, 9*h + 5*i = 5*h + 7. Calculate the remainder when u is divided by h.
0
Let t(x) = -4*x + 94. What is the remainder when t(-34) is divided by 11?
10
Suppose -5*h + 3*w + 123 = 0, -h + 4*w + 2 = -26. Let b = -616 + 629. Calculate the remainder when h is divided by b.
11
Suppose -k + 3 = -0*k. Suppose n = k*n - 76. Calculate the remainder when n is divided by ((-12)/(-9))/((-6)/(-45)).
8
Let y(w) = w**3 + 8*w**2 - 13*w + 8. Let q(x) = -x**2 - x - 1. Let u(o) = 3*q(o) - y(o). Let a = 49 - -1. What is the remainder when a is divided by u(-12)?
11
Let g(h) = h**3 - 13*h**2 - 14*h + 5. Let j be g(14). Suppose 4*z - 4*v = -132, j + 0 = v. Let u = 35 + z. What is the remainder when 18 is divided by u?
4
Let o(j) = 3*j**3 + 64*j**2 + 18*j + 47. What is the remainder when 657 is divided by o(-21)?
107
Let h(m) = m**3 + m**2 - 4*m + 2. Let y(s) = -s**3 - 3*s**2 - 1. Let b be y(-2). Let j be h(b). Calculate the remainder when 24 is divided by (j/(-9))/(4/6).
11
Let l = 10 - 10. Let c = 11 + l. Let j = -8 + c. What is the remainder when 7 is divided by j?
1
Let g(q) be the third derivative of q**6/120 + q**5/6 - q**4/2 - 5*q**3/6 + 3*q**2. What is the remainder when 18/1 + (8 - 11) is divided by g(-11)?
3
Suppose 0 = -3*j - 15*q + 18*q + 438, 2*q = 4*j - 586. What is the remainder when j is divided by 10?
7
Suppose 89 = 5*s - n, s - 17*n = -18*n + 19. What is the remainder when 97 is divided by s?
7
Suppose h - 215 = -2*x - 0*h, 0 = -4*h + 4. What is the remainder when x is divided by (6/(-12))/((-2)/72)?
17
Suppose -3*f = q - 35, 8*q - 2*f = 5*q + 116. Calculate the remainder when 453 is divided by q.
35
Let t = -1073 - -1088. Calculate the remainder when 98 is divided by t.
8
Let b(u) = u**2 + u. Let o = 156 + -56. Suppose 3*x - o = -n + 13, 75 = 2*x + n. What is the remainder when x is divided by b(-5)?
18
Let t = 2941 + -2889. What is the remainder when 79 is divided by t?
27
Suppose 0 = 17*b - 21*b - 2*n + 70, 3*n = 9. What is the remainder when 126 is divided by b?
14
Suppose 32*i - 52*i = -4460. Calculate the remainder when i is divided by 45.
43
Let i = 8 + 41. What is the remainder when i is divided by 28?
21
Let v(x) = -52*x + 355. Calculate the remainder when v(-12) is divided by 9.
7
Let w(u) be the second derivative of -u**4/12 + 3*u**3 - 12*u**2 - 10*u. What is the remainder when w(11) is divided by 14?
11
Calculate the remainder when 72 is divided by 2835/70*4/6.
18
Let l(i) = 11*i**2 + 2*i - 1. Suppose -38*r - 37*r = -84*r + 117. What is the remainder when l(2) is divided by r?
8
Let d(i) = 33*i**2. Let c be (1 + (-20)/3)*-3. Suppose -53 = -4*k - c. Calculate the remainder when d(-1) is divided by k.
6
Let i = 88 + -59. What is the remainder when 111 is divided by i?
24
Suppose 60*c + 104 = 64*c. What is the remainder when 97 is divided by c?
19
Let x(t) = 5*t**2 - 1. Let n be (-2)/(-6) + 80/3. Let y = n - 17. What is the remainder when y is divided by x(1)?
2
Suppose -164*x = 4*b - 1